{"id":98,"date":"2022-01-11T16:03:52","date_gmt":"2022-01-11T15:03:52","guid":{"rendered":"https:\/\/www.malerei-bossi.ch\/index.php\/home\/"},"modified":"2022-01-19T13:03:59","modified_gmt":"2022-01-19T12:03:59","slug":"home","status":"publish","type":"page","link":"https:\/\/www.malerei-bossi.ch\/","title":{"rendered":"Startseite"},"content":{"rendered":"\t\t<div data-elementor-type=\"wp-page\" data-elementor-id=\"98\" class=\"elementor elementor-98\" data-elementor-settings=\"[]\">\n\t\t\t\t\t\t<div class=\"elementor-inner\">\n\t\t\t\t\t\t\t<div class=\"elementor-section-wrap\">\n\t\t\t\t\t\t\t<section class=\"elementor-section elementor-top-section elementor-element elementor-element-6ccd0e19 elementor-section-height-min-height elementor-section-items-stretch elementor-section-content-middle elementor-section-boxed elementor-section-height-default\" data-id=\"6ccd0e19\" data-element_type=\"section\">\n\t\t\t\t\t\t<div class=\"elementor-container elementor-column-gap-no\">\n\t\t\t\t\t\t\t<div class=\"elementor-row\">\n\t\t\t\t\t<div class=\"elementor-column elementor-col-100 elementor-top-column elementor-element elementor-element-5449d1e0\" data-id=\"5449d1e0\" data-element_type=\"column\">\n\t\t\t<div class=\"elementor-column-wrap elementor-element-populated\">\n\t\t\t\t\t\t\t<div class=\"elementor-widget-wrap\">\n\t\t\t\t\t\t<section class=\"elementor-section elementor-inner-section elementor-element elementor-element-606282e3 elementor-section-full_width elementor-section-height-min-height elementor-section-height-default\" data-id=\"606282e3\" data-element_type=\"section\" data-settings=\"{&quot;background_background&quot;:&quot;classic&quot;,&quot;motion_fx_motion_fx_scrolling&quot;:&quot;yes&quot;,&quot;motion_fx_translateY_effect&quot;:&quot;yes&quot;,&quot;motion_fx_translateY_direction&quot;:&quot;negative&quot;,&quot;motion_fx_translateY_speed&quot;:{&quot;unit&quot;:&quot;px&quot;,&quot;size&quot;:&quot;1&quot;,&quot;sizes&quot;:[]},&quot;motion_fx_devices&quot;:[&quot;desktop&quot;,&quot;tablet&quot;],&quot;motion_fx_translateY_affectedRange&quot;:{&quot;unit&quot;:&quot;%&quot;,&quot;size&quot;:&quot;&quot;,&quot;sizes&quot;:{&quot;start&quot;:0,&quot;end&quot;:100}}}\">\n\t\t\t\t\t\t<div class=\"elementor-container elementor-column-gap-no\">\n\t\t\t\t\t\t\t<div class=\"elementor-row\">\n\t\t\t\t\t<div class=\"elementor-column elementor-col-50 elementor-inner-column elementor-element elementor-element-2a96737f\" data-id=\"2a96737f\" data-element_type=\"column\" data-settings=\"{&quot;background_background&quot;:&quot;classic&quot;}\">\n\t\t\t<div class=\"elementor-column-wrap elementor-element-populated\">\n\t\t\t\t\t\t\t<div class=\"elementor-widget-wrap\">\n\t\t\t\t\t\t<div class=\"elementor-element elementor-element-75005b27 elementor-widget elementor-widget-heading\" data-id=\"75005b27\" data-element_type=\"widget\" data-widget_type=\"heading.default\">\n\t\t\t\t<div class=\"elementor-widget-container\">\n\t\t\t<h3 class=\"elementor-heading-title elementor-size-default\">Gesch\u00e4tzte Besucherinnen und Besucher<\/h3>\t\t<\/div>\n\t\t\t\t<\/div>\n\t\t\t\t<div class=\"elementor-element elementor-element-3ea2abb3 elementor-widget elementor-widget-heading\" data-id=\"3ea2abb3\" data-element_type=\"widget\" data-widget_type=\"heading.default\">\n\t\t\t\t<div class=\"elementor-widget-container\">\n\t\t\t<h1 class=\"elementor-heading-title elementor-size-default\">Wir sind weg und trotzdem noch immer f\u00fcr Sie da!<\/h1>\t\t<\/div>\n\t\t\t\t<\/div>\n\t\t\t\t<div class=\"elementor-element elementor-element-5f3aea6 elementor-hidden-desktop elementor-hidden-tablet elementor-widget elementor-widget-image\" data-id=\"5f3aea6\" data-element_type=\"widget\" data-widget_type=\"image.default\">\n\t\t\t\t<div class=\"elementor-widget-container\">\n\t\t\t\t\t\t\t\t<div class=\"elementor-image\">\n\t\t\t\t\t\t\t\t\t\t\t\t\t<a href=\"https:\/\/farbelhaft.ch\" target=\"_blank\">\n\t\t\t\t\t\t\t<img loading=\"lazy\" decoding=\"async\" width=\"380\" height=\"292\" src=\"https:\/\/www.malerei-bossi.ch\/wp-content\/uploads\/2022\/01\/Daten_VK_Farbelhaft_NicolinUhlmann-1.png\" class=\"attachment-large size-large\" alt=\"\" srcset=\"https:\/\/www.malerei-bossi.ch\/wp-content\/uploads\/2022\/01\/Daten_VK_Farbelhaft_NicolinUhlmann-1.png 380w, https:\/\/www.malerei-bossi.ch\/wp-content\/uploads\/2022\/01\/Daten_VK_Farbelhaft_NicolinUhlmann-1-300x231.png 300w\" sizes=\"auto, (max-width: 380px) 100vw, 380px\" style=\"width:100%;height:76.84%;max-width:380px\" \/>\t\t\t\t\t\t\t\t<\/a>\n\t\t\t\t\t\t\t\t\t\t\t\t\t\t<\/div>\n\t\t\t\t\t\t<\/div>\n\t\t\t\t<\/div>\n\t\t\t\t<div class=\"elementor-element elementor-element-12e4448 elementor-align-justify elementor-hidden-desktop elementor-hidden-tablet elementor-widget elementor-widget-button\" data-id=\"12e4448\" data-element_type=\"widget\" data-widget_type=\"button.default\">\n\t\t\t\t<div class=\"elementor-widget-container\">\n\t\t\t\t\t<div class=\"elementor-button-wrapper\">\n\t\t\t<a class=\"elementor-button elementor-size-md\" role=\"button\">\n\t\t\t\t\t\t<span class=\"elementor-button-content-wrapper\">\n\t\t\t\t\t\t<span class=\"elementor-button-text\">Fr\u00fcher:<\/span>\n\t\t<\/span>\n\t\t\t\t\t<\/a>\n\t\t<\/div>\n\t\t\t\t<\/div>\n\t\t\t\t<\/div>\n\t\t\t\t<div class=\"elementor-element elementor-element-eb8af91 elementor-widget-mobile__width-inherit elementor-hidden-desktop elementor-hidden-tablet elementor-widget elementor-widget-image\" data-id=\"eb8af91\" data-element_type=\"widget\" data-widget_type=\"image.default\">\n\t\t\t\t<div class=\"elementor-widget-container\">\n\t\t\t\t\t\t\t\t<div class=\"elementor-image\">\n\t\t\t\t\t\t\t\t\t\t\t\t\t<a href=\"https:\/\/farbelhaft.ch\" target=\"_blank\">\n\t\t\t\t\t\t\t<img loading=\"lazy\" decoding=\"async\" width=\"380\" height=\"292\" src=\"https:\/\/www.malerei-bossi.ch\/wp-content\/uploads\/2022\/01\/Daten_VK_Farbelhaft_NicolinUhlmann-1.jpg\" class=\"attachment-large size-large\" alt=\"\" srcset=\"https:\/\/www.malerei-bossi.ch\/wp-content\/uploads\/2022\/01\/Daten_VK_Farbelhaft_NicolinUhlmann-1.jpg 380w, https:\/\/www.malerei-bossi.ch\/wp-content\/uploads\/2022\/01\/Daten_VK_Farbelhaft_NicolinUhlmann-1-300x231.jpg 300w\" sizes=\"auto, (max-width: 380px) 100vw, 380px\" style=\"width:100%;height:76.84%;max-width:380px\" \/>\t\t\t\t\t\t\t\t<\/a>\n\t\t\t\t\t\t\t\t\t\t\t\t\t\t<\/div>\n\t\t\t\t\t\t<\/div>\n\t\t\t\t<\/div>\n\t\t\t\t<div class=\"elementor-element elementor-element-573244ee elementor-widget elementor-widget-text-editor\" data-id=\"573244ee\" data-element_type=\"widget\" data-widget_type=\"text-editor.default\">\n\t\t\t\t<div class=\"elementor-widget-container\">\n\t\t\t\t\t\t\t\t<div class=\"elementor-text-editor elementor-clearfix\">\n\t\t\t\t<p>Die Malerei Bossi u. Co. AG schliesst sich per 1.1.2022 mit der Farbelhaft AG zusammen. Somit k\u00f6nnen in der Region Albula weiterhin hochwertige Malerarbeiten und kompetente Betreuung angeboten werden. Neuer Firmenname: <strong>Farbelhaft AG<\/strong>. Hauptstandort wird Tiefencastel. Neuer Gesch\u00e4ftsf\u00fchrer und Mitinhaber: <strong>Nicolin Uhlmann<\/strong><\/p>\n<p><strong>&nbsp;<\/strong><\/p>\n<p>Nicolin Uhlmann ist eidg. diplomierter Malermeister, Kursleiter \u00dcK Maler, Vorstandsmitglied des B\u00fcndner Malerunternehmer-Verbandes und Pr\u00fcfungsexperte. Er wohnt mit seiner jungen Familie in Almens. Vor zwei Jahren hat er das Malergesch\u00e4ft von Umberto Derungs in Cazis \u00fcbernommen und unter dem Namen Farbelhaft erfolgreich weitergef\u00fchrt.<\/p><p><br><\/p>\n<p><\/p>\n<p>Malerei Bossi und Farbelhaft, das passt. Beide Firmen haben bisher auf die Ausf\u00fchrung hochwertiger Malerarbeiten gesetzt und die individuelle Kundenberatung stark gewichtet. Weiterhin k\u00f6nnen also Kunden in der Region Albula kompetent bedient werden. Die Arbeitspl\u00e4tze bleiben erhalten und k\u00f6nnen nach Bedarf ausgebaut werden. Ebenso k\u00f6nnen Lehrstellen angeboten werden.<\/p>\n<p><br><\/p>\n<p>So erreichen Sie Nicolin Uhlmann:<\/p>\n<ul>\n<li><a href=\"tel:+41793971928\"><strong>+41 79 397 19 28<\/strong><\/a><\/li>\n<li><a href=\"tel:+41812500888\"><strong>+41 81 250 08 88<\/strong><\/a><\/li>\n<li><a href=\"mailto:malerei@farbelhaft.ch\"><strong>malerei@farbelhaft.ch<\/strong><\/a><\/li>\n<\/ul>\t\t\t\t\t<\/div>\n\t\t\t\t\t\t<\/div>\n\t\t\t\t<\/div>\n\t\t\t\t<div class=\"elementor-element elementor-element-69d52975 elementor-widget elementor-widget-button\" data-id=\"69d52975\" data-element_type=\"widget\" data-widget_type=\"button.default\">\n\t\t\t\t<div class=\"elementor-widget-container\">\n\t\t\t\t\t<div class=\"elementor-button-wrapper\">\n\t\t\t<a href=\"https:\/\/farbelhaft.ch\" target=\"_blank\" class=\"elementor-button-link elementor-button elementor-size-sm\" role=\"button\">\n\t\t\t\t\t\t<span class=\"elementor-button-content-wrapper\">\n\t\t\t\t\t\t<span class=\"elementor-button-text\">zur Website von Farbelhaft.ch<\/span>\n\t\t<\/span>\n\t\t\t\t\t<\/a>\n\t\t<\/div>\n\t\t\t\t<\/div>\n\t\t\t\t<\/div>\n\t\t\t\t\t\t<\/div>\n\t\t\t\t\t<\/div>\n\t\t<\/div>\n\t\t\t\t<div class=\"elementor-column elementor-col-50 elementor-inner-column elementor-element elementor-element-61ad5ba\" data-id=\"61ad5ba\" data-element_type=\"column\">\n\t\t\t<div class=\"elementor-column-wrap elementor-element-populated\">\n\t\t\t\t\t\t\t<div class=\"elementor-widget-wrap\">\n\t\t\t\t\t\t<div class=\"elementor-element elementor-element-248e830e elementor-widget-mobile__width-inherit elementor-hidden-mobile elementor-widget elementor-widget-image\" data-id=\"248e830e\" data-element_type=\"widget\" data-settings=\"{&quot;motion_fx_motion_fx_scrolling&quot;:&quot;yes&quot;,&quot;motion_fx_devices&quot;:[&quot;desktop&quot;,&quot;tablet&quot;]}\" data-widget_type=\"image.default\">\n\t\t\t\t<div class=\"elementor-widget-container\">\n\t\t\t\t\t\t\t\t<div class=\"elementor-image\">\n\t\t\t\t\t\t\t\t\t\t\t\t\t<a href=\"https:\/\/farbelhaft.ch\" target=\"_blank\">\n\t\t\t\t\t\t\t<img loading=\"lazy\" decoding=\"async\" width=\"380\" height=\"292\" src=\"https:\/\/www.malerei-bossi.ch\/wp-content\/uploads\/2022\/01\/Daten_VK_Farbelhaft_NicolinUhlmann-1.png\" class=\"attachment-large size-large\" alt=\"\" srcset=\"https:\/\/www.malerei-bossi.ch\/wp-content\/uploads\/2022\/01\/Daten_VK_Farbelhaft_NicolinUhlmann-1.png 380w, https:\/\/www.malerei-bossi.ch\/wp-content\/uploads\/2022\/01\/Daten_VK_Farbelhaft_NicolinUhlmann-1-300x231.png 300w\" sizes=\"auto, (max-width: 380px) 100vw, 380px\" style=\"width:100%;height:76.84%;max-width:380px\" \/>\t\t\t\t\t\t\t\t<\/a>\n\t\t\t\t\t\t\t\t\t\t\t\t\t\t<\/div>\n\t\t\t\t\t\t<\/div>\n\t\t\t\t<\/div>\n\t\t\t\t<div class=\"elementor-element elementor-element-d06b7c3 elementor-align-justify elementor-hidden-mobile elementor-widget elementor-widget-button\" data-id=\"d06b7c3\" data-element_type=\"widget\" data-widget_type=\"button.default\">\n\t\t\t\t<div class=\"elementor-widget-container\">\n\t\t\t\t\t<div class=\"elementor-button-wrapper\">\n\t\t\t<a href=\"https:\/\/farbelhaft.ch\" target=\"_blank\" class=\"elementor-button-link elementor-button elementor-size-md\" role=\"button\">\n\t\t\t\t\t\t<span class=\"elementor-button-content-wrapper\">\n\t\t\t\t\t\t<span class=\"elementor-button-text\">zur Website von Farbelhaft.ch<\/span>\n\t\t<\/span>\n\t\t\t\t\t<\/a>\n\t\t<\/div>\n\t\t\t\t<\/div>\n\t\t\t\t<\/div>\n\t\t\t\t<div class=\"elementor-element elementor-element-229d4d3 elementor-widget elementor-widget-spacer\" data-id=\"229d4d3\" data-element_type=\"widget\" data-widget_type=\"spacer.default\">\n\t\t\t\t<div class=\"elementor-widget-container\">\n\t\t\t\t\t<div class=\"elementor-spacer\">\n\t\t\t<div class=\"elementor-spacer-inner\"><\/div>\n\t\t<\/div>\n\t\t\t\t<\/div>\n\t\t\t\t<\/div>\n\t\t\t\t<div class=\"elementor-element elementor-element-98213ba elementor-align-justify elementor-hidden-mobile elementor-widget elementor-widget-button\" data-id=\"98213ba\" data-element_type=\"widget\" data-widget_type=\"button.default\">\n\t\t\t\t<div class=\"elementor-widget-container\">\n\t\t\t\t\t<div class=\"elementor-button-wrapper\">\n\t\t\t<a class=\"elementor-button elementor-size-md\" role=\"button\">\n\t\t\t\t\t\t<span class=\"elementor-button-content-wrapper\">\n\t\t\t\t\t\t<span class=\"elementor-button-text\">Fr\u00fcher:<\/span>\n\t\t<\/span>\n\t\t\t\t\t<\/a>\n\t\t<\/div>\n\t\t\t\t<\/div>\n\t\t\t\t<\/div>\n\t\t\t\t<div class=\"elementor-element elementor-element-e60b90e elementor-widget-mobile__width-inherit elementor-hidden-mobile elementor-widget elementor-widget-image\" data-id=\"e60b90e\" data-element_type=\"widget\" data-settings=\"{&quot;motion_fx_motion_fx_scrolling&quot;:&quot;yes&quot;,&quot;motion_fx_devices&quot;:[&quot;desktop&quot;,&quot;tablet&quot;]}\" data-widget_type=\"image.default\">\n\t\t\t\t<div class=\"elementor-widget-container\">\n\t\t\t\t\t\t\t\t<div class=\"elementor-image\">\n\t\t\t\t\t\t\t\t\t\t\t\t\t<a href=\"https:\/\/farbelhaft.ch\" target=\"_blank\">\n\t\t\t\t\t\t\t<img loading=\"lazy\" decoding=\"async\" width=\"380\" height=\"292\" src=\"https:\/\/www.malerei-bossi.ch\/wp-content\/uploads\/2022\/01\/Daten_VK_Farbelhaft_NicolinUhlmann-1.jpg\" class=\"attachment-large size-large\" alt=\"\" srcset=\"https:\/\/www.malerei-bossi.ch\/wp-content\/uploads\/2022\/01\/Daten_VK_Farbelhaft_NicolinUhlmann-1.jpg 380w, https:\/\/www.malerei-bossi.ch\/wp-content\/uploads\/2022\/01\/Daten_VK_Farbelhaft_NicolinUhlmann-1-300x231.jpg 300w\" sizes=\"auto, (max-width: 380px) 100vw, 380px\" style=\"width:100%;height:76.84%;max-width:380px\" \/>\t\t\t\t\t\t\t\t<\/a>\n\t\t\t\t\t\t\t\t\t\t\t\t\t\t<\/div>\n\t\t\t\t\t\t<\/div>\n\t\t\t\t<\/div>\n\t\t\t\t\t\t<\/div>\n\t\t\t\t\t<\/div>\n\t\t<\/div>\n\t\t\t\t\t\t\t\t<\/div>\n\t\t\t\t\t<\/div>\n\t\t<\/section>\n\t\t\t\t\t\t<\/div>\n\t\t\t\t\t<\/div>\n\t\t<\/div>\n\t\t\t\t\t\t\t\t<\/div>\n\t\t\t\t\t<\/div>\n\t\t<\/section>\n\t\t\t\t\t\t<\/div>\n\t\t\t\t\t\t<\/div>\n\t\t\t\t\t<\/div>\n\t\t","protected":false},"excerpt":{"rendered":"<p>Gesch\u00e4tzte Besucherinnen und Besucher Wir sind weg und trotzdem noch immer f\u00fcr Sie da! Fr\u00fcher: Die Malerei Bossi u. Co. AG schliesst sich per 1.1.2022 mit der Farbelhaft AG zusammen. Somit k\u00f6nnen in der Region Albula weiterhin hochwertige Malerarbeiten und kompetente Betreuung angeboten werden. Neuer Firmenname: Farbelhaft AG. Hauptstandort wird Tiefencastel. Neuer Gesch\u00e4ftsf\u00fchrer und Mitinhaber:&hellip; <a class=\"more-link\" href=\"https:\/\/www.malerei-bossi.ch\/\">Continue reading <span class=\"screen-reader-text\">Startseite<\/span><\/a><\/p>\n","protected":false},"author":1,"featured_media":0,"parent":0,"menu_order":0,"comment_status":"closed","ping_status":"closed","template":"elementor_header_footer","meta":{"footnotes":""},"class_list":["post-98","page","type-page","status-publish","hentry","entry"],"yoast_head":"<!-- This site is optimized with the Yoast SEO plugin v17.9 - https:\/\/yoast.com\/wordpress\/plugins\/seo\/ -->\n<title>Startseite - Malerei Bossi AG<\/title>\n<meta name=\"description\" content=\"Aus Malerei Bossi AG wird Farbelhaft AG. Mehr Informationen auf unserer Website.\" \/>\n<meta name=\"robots\" content=\"index, follow, max-snippet:-1, max-image-preview:large, max-video-preview:-1\" \/>\n<link rel=\"canonical\" href=\"https:\/\/www.malerei-bossi.ch\/\" \/>\n<meta property=\"og:locale\" content=\"de_DE\" \/>\n<meta property=\"og:type\" content=\"article\" \/>\n<meta property=\"og:title\" content=\"Startseite - Malerei Bossi AG\" \/>\n<meta property=\"og:description\" content=\"Aus Malerei Bossi AG wird Farbelhaft AG. Mehr Informationen auf unserer Website.\" \/>\n<meta property=\"og:url\" content=\"https:\/\/www.malerei-bossi.ch\/\" \/>\n<meta property=\"og:site_name\" content=\"Malerei Bossi AG\" \/>\n<meta property=\"article:modified_time\" content=\"2022-01-19T12:03:59+00:00\" \/>\n<meta property=\"og:image\" content=\"https:\/\/www.malerei-bossi.ch\/wp-content\/uploads\/2022\/01\/Daten_VK_Farbelhaft_NicolinUhlmann-1.png\" \/>\n<meta name=\"twitter:card\" content=\"summary_large_image\" \/>\n<meta name=\"twitter:label1\" content=\"Est. reading time\" \/>\n\t<meta name=\"twitter:data1\" content=\"2\u00a0Minuten\" \/>\n<script type=\"application\/ld+json\" class=\"yoast-schema-graph\">{\"@context\":\"https:\/\/schema.org\",\"@graph\":[{\"@type\":\"WebSite\",\"@id\":\"https:\/\/www.malerei-bossi.ch\/#website\",\"url\":\"https:\/\/www.malerei-bossi.ch\/\",\"name\":\"Malerei Bossi AG\",\"description\":\"Eine weitere WordPress-Website\",\"potentialAction\":[{\"@type\":\"SearchAction\",\"target\":{\"@type\":\"EntryPoint\",\"urlTemplate\":\"https:\/\/www.malerei-bossi.ch\/?s={search_term_string}\"},\"query-input\":\"required name=search_term_string\"}],\"inLanguage\":\"de-CH\"},{\"@type\":\"ImageObject\",\"@id\":\"https:\/\/www.malerei-bossi.ch\/#primaryimage\",\"inLanguage\":\"de-CH\",\"url\":\"https:\/\/www.malerei-bossi.ch\/wp-content\/uploads\/2022\/01\/Daten_VK_Farbelhaft_NicolinUhlmann-1.png\",\"contentUrl\":\"https:\/\/www.malerei-bossi.ch\/wp-content\/uploads\/2022\/01\/Daten_VK_Farbelhaft_NicolinUhlmann-1.png\",\"width\":380,\"height\":292},{\"@type\":\"WebPage\",\"@id\":\"https:\/\/www.malerei-bossi.ch\/#webpage\",\"url\":\"https:\/\/www.malerei-bossi.ch\/\",\"name\":\"Startseite - Malerei Bossi AG\",\"isPartOf\":{\"@id\":\"https:\/\/www.malerei-bossi.ch\/#website\"},\"primaryImageOfPage\":{\"@id\":\"https:\/\/www.malerei-bossi.ch\/#primaryimage\"},\"datePublished\":\"2022-01-11T15:03:52+00:00\",\"dateModified\":\"2022-01-19T12:03:59+00:00\",\"description\":\"Aus Malerei Bossi AG wird Farbelhaft AG. Mehr Informationen auf unserer Website.\",\"breadcrumb\":{\"@id\":\"https:\/\/www.malerei-bossi.ch\/#breadcrumb\"},\"inLanguage\":\"de-CH\",\"potentialAction\":[{\"@type\":\"ReadAction\",\"target\":[\"https:\/\/www.malerei-bossi.ch\/\"]}]},{\"@type\":\"BreadcrumbList\",\"@id\":\"https:\/\/www.malerei-bossi.ch\/#breadcrumb\",\"itemListElement\":[{\"@type\":\"ListItem\",\"position\":1,\"name\":\"Home\",\"item\":\"https:\/\/www.malerei-bossi.ch\/\"},{\"@type\":\"ListItem\",\"position\":2,\"name\":\"Startseite\"}]}]}<\/script>\n<!-- \/ Yoast SEO plugin. -->","yoast_head_json":{"title":"Startseite - Malerei Bossi AG","description":"Aus Malerei Bossi AG wird Farbelhaft AG. Mehr Informationen auf unserer Website.","robots":{"index":"index","follow":"follow","max-snippet":"max-snippet:-1","max-image-preview":"max-image-preview:large","max-video-preview":"max-video-preview:-1"},"canonical":"https:\/\/www.malerei-bossi.ch\/","og_locale":"de_DE","og_type":"article","og_title":"Startseite - Malerei Bossi AG","og_description":"Aus Malerei Bossi AG wird Farbelhaft AG. Mehr Informationen auf unserer Website.","og_url":"https:\/\/www.malerei-bossi.ch\/","og_site_name":"Malerei Bossi AG","article_modified_time":"2022-01-19T12:03:59+00:00","og_image":[{"url":"https:\/\/www.malerei-bossi.ch\/wp-content\/uploads\/2022\/01\/Daten_VK_Farbelhaft_NicolinUhlmann-1.png"}],"twitter_card":"summary_large_image","twitter_misc":{"Est. reading time":"2\u00a0Minuten"},"schema":{"@context":"https:\/\/schema.org","@graph":[{"@type":"WebSite","@id":"https:\/\/www.malerei-bossi.ch\/#website","url":"https:\/\/www.malerei-bossi.ch\/","name":"Malerei Bossi AG","description":"Eine weitere WordPress-Website","potentialAction":[{"@type":"SearchAction","target":{"@type":"EntryPoint","urlTemplate":"https:\/\/www.malerei-bossi.ch\/?s={search_term_string}"},"query-input":"required name=search_term_string"}],"inLanguage":"de-CH"},{"@type":"ImageObject","@id":"https:\/\/www.malerei-bossi.ch\/#primaryimage","inLanguage":"de-CH","url":"https:\/\/www.malerei-bossi.ch\/wp-content\/uploads\/2022\/01\/Daten_VK_Farbelhaft_NicolinUhlmann-1.png","contentUrl":"https:\/\/www.malerei-bossi.ch\/wp-content\/uploads\/2022\/01\/Daten_VK_Farbelhaft_NicolinUhlmann-1.png","width":380,"height":292},{"@type":"WebPage","@id":"https:\/\/www.malerei-bossi.ch\/#webpage","url":"https:\/\/www.malerei-bossi.ch\/","name":"Startseite - Malerei Bossi AG","isPartOf":{"@id":"https:\/\/www.malerei-bossi.ch\/#website"},"primaryImageOfPage":{"@id":"https:\/\/www.malerei-bossi.ch\/#primaryimage"},"datePublished":"2022-01-11T15:03:52+00:00","dateModified":"2022-01-19T12:03:59+00:00","description":"Aus Malerei Bossi AG wird Farbelhaft AG. Mehr Informationen auf unserer Website.","breadcrumb":{"@id":"https:\/\/www.malerei-bossi.ch\/#breadcrumb"},"inLanguage":"de-CH","potentialAction":[{"@type":"ReadAction","target":["https:\/\/www.malerei-bossi.ch\/"]}]},{"@type":"BreadcrumbList","@id":"https:\/\/www.malerei-bossi.ch\/#breadcrumb","itemListElement":[{"@type":"ListItem","position":1,"name":"Home","item":"https:\/\/www.malerei-bossi.ch\/"},{"@type":"ListItem","position":2,"name":"Startseite"}]}]}},"_links":{"self":[{"href":"https:\/\/www.malerei-bossi.ch\/index.php\/wp-json\/wp\/v2\/pages\/98","targetHints":{"allow":["GET"]}}],"collection":[{"href":"https:\/\/www.malerei-bossi.ch\/index.php\/wp-json\/wp\/v2\/pages"}],"about":[{"href":"https:\/\/www.malerei-bossi.ch\/index.php\/wp-json\/wp\/v2\/types\/page"}],"author":[{"embeddable":true,"href":"https:\/\/www.malerei-bossi.ch\/index.php\/wp-json\/wp\/v2\/users\/1"}],"replies":[{"embeddable":true,"href":"https:\/\/www.malerei-bossi.ch\/index.php\/wp-json\/wp\/v2\/comments?post=98"}],"version-history":[{"count":181,"href":"https:\/\/www.malerei-bossi.ch\/index.php\/wp-json\/wp\/v2\/pages\/98\/revisions"}],"predecessor-version":[{"id":310,"href":"https:\/\/www.malerei-bossi.ch\/index.php\/wp-json\/wp\/v2\/pages\/98\/revisions\/310"}],"wp:attachment":[{"href":"https:\/\/www.malerei-bossi.ch\/index.php\/wp-json\/wp\/v2\/media?parent=98"}],"curies":[{"name":"wp","href":"https:\/\/api.w.org\/{rel}","templated":true}]}}